02101 (base 3) in base 6?
3234444
What is -1357418 (base 15) in base 13?
-2b73c2a
Convert -4423556 (base 8) to base 4.
-10202131232
What is -13aba3 (base 15) in base 13?
-272436
What is -2222034 (base 5) in base 13?
-149b6
Convert -1001010022110 (base 3) to base 4.
-2013021003
What is 200443451 (base 6) in base 11?
1a0a7a5
What is 405686 (base 9) in base 11?
154690
What is -250026 (base 15) in base 6?
-101551143
12b4 (base 13) to base 2
101001111010
What is -3242223100 (base 5) in base 2?
-11010101011000110010011
-609684 (base 11) to base 12
-3b273b
-100010101011111111011 (base 2) to base 6
-40210111
Convert 4131121020 (base 5) to base 8.
40206643
What is -386451 (base 11) in base 5?
-123440212
What is 54421240 (base 6) in base 7?
16525641
-6a159 (base 13) to base 10
-193579
What is 11110000101101010 (base 2) in base 9?
207045
Convert -45534 (base 7) to base 9.
-16806
What is -1267a (base 13) in base 11?
-23663
What is 12031312011 (base 4) in base 5?
404121243
What is 1e211 (base 15) in base 14?
27ba5
Convert -2121304 (base 7) to base 2.
-111110110101111001
-12351015 (base 7) to base 2
-100010001110101010110
Convert 30637 (base 12) to base 3.
10012120121
Convert 14313205 (base 6) to base 13.
142b92
Convert 1267a3 (base 12) to base 5.
34124203
Convert -1001333300 (base 4) to base 13.
-9606b
Convert -11111111100110000 (base 2) to base 14.
-35996
Convert 1267 (base 15) to base 12.
232a
Convert 526431 (base 7) to base 12.
44889
-2034314 (base 6) to base 8
-277606
-11245524 (base 6) to base 15
-6d454
-a194a (base 13) to base 9
-480864
-2223113301 (base 4) to base 13
-1b7662
Convert 4103275 (base 8) to base 3.
2001000200200
Convert 21102233 (base 4) to base 11.
26663
What is -1b0a93 (base 14) in base 8?
-3527671
bf1a4 (base 16) to base 4
2333012210
What is 135322 (base 11) in base 4?
303300300
Convert -65348b (base 12) to base 10.
-1602539
Convert 7763162 (base 8) to base 10.
2090610
What is 19826 (base 15) in base 13?
2b920
Convert 222302100 (base 4) to base 6.
3431200
Convert 56905 (base 14) to base 13.
7495c
Convert -9437962 (base 10) to base 12.
-31b194a
Convert -1302413 (base 9) to base 15.
-e073c
Convert 1201201020211 (base 3) to base 5.
213410303
-1203008 (base 9) to base 15
-cd18e
What is 3237776 (base 8) in base 4?
3103333332
-5642b (base 12) to base 15
-23e8e
-4a5033 (base 14) to base 15
-3554d1
What is 3124442 (base 5) in base 13?
1a7c2
What is 3405 (base 14) in base 8?
21475
-1011110122200 (base 3) to base 4
-2113032012
Convert 4d007 (base 15) to base 14.
65b0a
Convert 351a9 (base 14) to base 8.
374441
Convert 245720 (base 8) to base 9.
138462
Convert -32071150 (base 8) to base 5.
-3223020112
What is -111b645 (base 12) in base 11?
-1937a07
What is b46684 (base 12) in base 10?
2831428
What is -21303233 (base 4) in base 8?
-116357
2212222 (base 6) to base 15
22bd8
Convert 31d9d (base 14) to base 16.
1d767
Convert 122030232 (base 4) to base 12.
52126
Convert -100200122001 (base 3) to base 15.
-3b7a4
-6560235 (base 9) to base 11
-1a97248
2a24c0 (base 13) to base 6
34052210
1643246 (base 7) to base 12
b0808
-135ab67 (base 12) to base 14
-724cc7
234260412 (base 7) to base 14
1cdd2b2
What is -1380d4 (base 15) in base 11?
-591086
3663720 (base 9) to base 4
13212001203
What is 11010110010010011000010 (base 2) in base 4?
122302103002
Convert 34287a (base 11) to base 16.
8529a
2013513 (base 7) to base 10
238983
940e48 (base 15) to base 2
11010110110110001011101
1110100000111000000 (base 2) to base 7
4020354
Convert 44131527 (base 8) to base 14.
138bd1d
Convert b154 (base 16) to base 2.
1011000101010100
Convert 79867 (base 11) to base 9.
185401
12350020 (base 10) to base 3
212020110001011
Convert -5363000 (base 7) to base 3.
-1020020020222
What is -11355355 (base 6) in base 3?
-200011120022
101412341 (base 7) to base 6
331331525
-140633234 (base 7) to base 9
-18223325
415200 (base 7) to base 13
26697
-1321644 (base 8) to base 5
-43311242
What is 1020121102021 (base 3) in base 16?
a1803
Convert 113313110 (base 4) to base 13.
35651
Convert 28f30 (base 16) to base 8.
507460
What is 152b443 (base 12) in base 6?
231550523
What is 2300133333 (base 4) in base 16?
b07ff
Convert 1120120110212 (base 3) to base 7.
10060025
What is 3caf0 (base 16) in base 9?
417857
4b93ba (base 12) to base 16
12e9fe
-51455 (base 15) to base 3
-111002012022
112031401 (base 5) to base 3
221111202100
-12513377 (base 8) to base 14
-529291
What is -10484b6 (base 12) in base 10?
-3083466
-56782 (base 11) to base 13
-2b4c7
What is 54254115 (base 6) in base 4?
12020320133
What is -374316 (base 9) in base 4?
-313033020
What is 4900444 (base 12) in base 13?
2c2813c
Convert 4aa526 (base 14) to base 16.
271f46
Convert -3132031 (base 5) to base 14.
-15005
What is -11b000 (base 12) in base 16?
-46740
Convert -9d05cd (base 15) to base 5.
-3404300233
What is 26422 (base 12) in base 16?
ccda
What is -61405514 (base 8) in base 14?
-1a1bd6c
-1311024 (base 5) to base 2
-110010010100100
Convert -100111010011100101010 (base 2) to base 5.
-312203403
c4a85 (base 13) to base 7
3001041
Convert -1222221021010 (base 3) to base 6.
-34430520
-242102232 (base 5) to base 15
-174547
What is 7041174 (base 9) in base 8?
16226610
Convert -23385 (base 9) to base 4.
-3310031
What is c56b (base 15) in base 11?
29393
1895163 (base 10) to base 8
7165373
Convert 1204240413 (base 5) to base 16.
2acfe5
Convert -3306859 (base 10) to base 6.
-154513311
What is -752714 (base 8) in base 15?
-4e710
90842 (base 10) to base 7
525563
-61e68 (base 15) to base 4
-1023301211
What is 4b324 (base 12) in base 13?
377cb
What is -500056 (base 13) in base 9?
-3438617
23133032203 (base 4) to base 5
1232331431
Convert -202311205 (base 6) to base 10.
-3477461
What is 111c79 (base 13) in base 10?
404179
Convert -207112 (base 8) to base 2.
-10000111001001010
What is -122332321213 (base 4) in base 16?
-6bee67
Convert -464a4b (base 14) to base 2.
-1001001000101010101011
Convert 182681 (base 13) to base 8.
2236156
Convert -15390b (base 13) to base 6.
-15105405
Convert -c235b7 (base 15) to base 10.
-9225172
2224036 (base 10) to base 12
8b3084
Convert 121002220102 (base 3) to base 2.
1001101011001110101
Convert -998475 (base 11) to base 15.
-216c7c
-b22489 (base 12) to base 14
-5261a9
Convert 40531030 (base 6) to base 15.
17e7b6
What is 5902ab (base 15) in base 14?
7c9d79
-63031 (base 8) to base 10
-26137
Convert 120736 (base 9) to base 15.
16866
461345 (base 7) to base 11
567a9
39429 (base 12) to base 5
10001434
Convert -142074 (base 11) to base 3.
-102022000111
-b65842 (base 12) to base 7
-33256313
What is a7352 (base 11) in base 15?
313ec
-42716 (base 10) to base 5
-2331331
Convert -1a417 (base 12) to base 3.
-1221222001
Convert -48380 (base 13) to base 4.
-200111033
-12002322141 (base 5) to base 15
-130d64b
Convert -9a6121 (base 12) to base 6.
-124400441
What is 465b14 (base 16) in base 15?
611291
What is 117037 (base 13) in base 16?
6562f
Convert 23102200311 (base 4) to base 2.
1011010010100000110101
What is 234097 (base 10) in base 6?
5003441
Convert -68775 (base 11) to base 2.
-11000010001011111
What is 6963d (base 14) in base 8?
764647
What is a93b (base 16) in base 13?
16947
What is -381999 (base 12) in base 8?
-3374105
cc952 (base 13) to base 11
233556
What is 8697 (base 12) in base 4?
3213103
What is -426507 (base 8) in base 3?
-21020200211
What is -25551115 (base 6) in base 3?
-1120121120202
101110111010000100 (base 2) to base 15
3bddc
-3911212 (base 10) to base 15
-523d27
Convert 232140302 (base 5) to base 9.
1873770
What is -130303112 (base 4) in base 7?
-1000643
Convert -6441c2 (base 13) to base 5.
-1100213432
-2021001020211 (base 3) to base 12
-49b434
Convert -10a54b (base 13) to base 9.
-660627
-473672 (base 8) to base 15
-32db7
Convert -502a6 (base 14) to base 5.
-22130433
What is 44144515 (base 6) in base 11?
822029
What is -3032231002 (base 4) in base 5?
-204043113
What is -63656365 (base 7) in base 15?
-71cb54
What is -188c3 (base 14) in base 6?
-1155311
What is 13b050b (base 12) in base 16?
3c71db
What is 42dc4 (base 16) in base 2?
1000010110111000100
Convert 1220111012001 (base 3) to base 15.
150431
-4355423 (base 6) to base 10
-217671
f0e34 (base 16) to base 10
986676
What is -264875 (base 9) in base 3?
-22011222112
Wh